(8 - 6))?
1
Let a(x) = -x**3 + x + 83. Let u be a(0). Suppose -2*q + u = -13. Suppose z = -2*z + q. What is the tens digit of z?
1
Let h be (-3 - -4) + 1*-13. What is the units digit of (-3)/h + 30/8?
4
Let n(u) = u**2 + 9*u - 6. Let a be n(-10). Suppose 5*y = d - 30, -2*d + a*y + 0*y = -36. What is the tens digit of d?
1
Let y(w) = w**3 - w**2 + w - 32. Let m be y(0). Let d = 59 + m. What is the tens digit of d?
2
Let s(w) = 4*w**3 - 7*w**2 - 5*w - 6. Let k(y) = 8 + 8*y**2 + 6*y - 2 + 1 - 5*y**3. Let g(x) = -3*k(x) - 4*s(x). What is the tens digit of g(4)?
1
Suppose 55 = 2*g + 3*g. Let o = 12 - g. What is the units digit of o?
1
Let l(t) = t**3 + 6*t**2 - 2*t. What is the units digit of l(-3)?
3
Let q = 5 - 1. Suppose -4*x + x = -4*m + 14, q*m = -3*x + 2. Suppose -m*j + 21 = 1. What is the units digit of j?
0
Let q(u) = -5*u + 1. What is the tens digit of q(-7)?
3
Let w(m) = -m**3 - 28*m**2 - 55*m + 34. What is the hundreds digit of w(-26)?
1
Suppose -3*m + 2 = -5*f + 20, 0 = -2*m + 8. Let r be ((-2)/f)/((-2)/66). Suppose -5*i + r - 1 = 0. What is the units digit of i?
2
Let q = -11 - -32. Let p = q - 14. What is the units digit of p?
7
Suppose 3*j - 8*j = -20. Let l(y) = y**2 - 2*y + 1. What is the units digit of l(j)?
9
Let m(c) = 7810*c + 220. Let x(s) = -107*s - 3. Let o(w) = 3*m(w) + 220*x(w). Let l be o(-1). What is the tens digit of (-6)/27 + l/9?
1
Suppose 0 = -t + 13 + 22. What is the tens digit of t?
3
Suppose 0 = -a + 1 + 1. Suppose -3*r - h + 32 = 0, -27 = -a*r - 2*h + 1. What is the units digit of r?
9
Suppose 4*r - 346 + 70 = 0. What is the tens digit of r?
6
Suppose 3*f + 3*b = -0*b + 21, 2*f - 11 = -b. Suppose f*t = -4 + 88. What is the units digit of 6/t + (-162)/(-21)?
8
Suppose 6*s - 86 = 4*s. What is the units digit of s?
3
Suppose h = 3*h, 3*f - 42 = -2*h. What is the units digit of f?
4
What is the tens digit of (-1)/(((3/19)/3)/(-1))?
1
Suppose 0 = 5*j - 350 - 30. Let f = -48 + j. What is the units digit of f?
8
Let z be (-9)/(-12) + 9/4. Suppose 5*w = w - 3*g - 11, 3*g = z*w - 18. Let f = 3 - w. What is the units digit of f?
2
Suppose 5*d = 4*a + 627, -3*d - 2*a + 4*a + 377 = 0. What is the units digit of d?
7
Let b = -25 + 17. Let x(l) = -l**2 - 12*l + 10. What is the tens digit of x(b)?
4
Suppose 0 = -2*v - 2*v. Let n = -34 - -39. Suppose 3*x - 29 + n = v. What is the units digit of x?
8
Let j = -9 + 9. Let x = 7 - j. What is the units digit of x?
7
Suppose -5*c = -99 - 116. Suppose 4*m = a + c, -5*a - 17 - 28 = -3*m. What is the units digit of m?
0
Let z(f) = -f**3 + 3*f + 3. Let b = -10 - -8. Let d be z(b). Suppose -d*i - 1 = 2*j, 0*j + i = j - 17. What is the units digit of j?
2
Suppose -5*d = 5*r - 210, 5*d - 2*r = d + 162. What is the units digit of d?
1
Let y(f) = -16*f**3 - 2*f - 1. Let q(j) = -j**2. Let r be q(-1). What is the units digit of y(r)?
7
Let l be 1/((-3 + 2)*-1). Let f = 3 + l. What is the units digit of f?
4
Suppose -3*v - 48 = -x, -6*x + x - 2*v = -274. What is the tens digit of x?
5
Let v be 1/1 - (5 + 0). Let d(l) = -4*l + 2. What is the tens digit of d(v)?
1
Let q(u) = 3*u**2 + 4 + 4 - 18 - u**3 + 9 + 3*u. Suppose -2*x - 3*x + 15 = 0. What is the units digit of q(x)?
8
Let j(h) = -h**3 - 9*h - 14. What is the units digit of j(-6)?
6
Let s(l) = -7*l - 44. What is the tens digit of s(-10)?
2
Let a(c) = c - 1. Let q(d) = -7*d + 14. Let y(s) = 6*a(s) + q(s). Let u be 5 + 0/(0 - 4). What is the units digit of y(u)?
3
Suppose -2*v + g + 34 = 0, -4*g - 1 = 4*v - 3*v. Suppose 0 = 2*h - 27 + 49. Let x = h + v. What is the units digit of x?
4
Let j be (-1)/1*(-22 - 5). Let v be -12*3/(j/(-6)). What is the units digit of 74/v + 1/(-4)?
9
Suppose -4*u + 641 = i, 3*i + 3 = -6. What is the units digit of u?
1
Suppose 0 = 6*d - 2*d + 2*f - 122, 5*f + 130 = 5*d. Suppose 4*c = -9 + d. What is the units digit of c?
5
Let k = -72 + 163. What is the tens digit of k?
9
What is the units digit of 3 + 4*(1 + 0)?
7
Suppose -2*z + 24 = 5*g + z, z - 12 = -3*g. Suppose 0 = 4*t - g*t - 11. What is the tens digit of t?
1
Let o be -7*3/21*-2. What is the tens digit of 8 - (-3)/(3/o)?
1
Let z(g) = g**3 - 6*g**2 + 5*g + 3. Let f be z(5). What is the units digit of (f/2)/(6/16)?
4
Suppose 18 = 2*a - 2. Let s(q) = -q**2 + 12*q - 5. What is the tens digit of s(a)?
1
Let z = 5 + 1. Suppose -k + 5 = -z. What is the units digit of k?
1
Let i = 65 - 91. Let v = 36 + i. What is the units digit of v?
0
Let u = 17 - 15. Let s(x) be the second derivative of x**4/6 - x**3/2 + x**2 + x. What is the units digit of s(u)?
4
Suppose 4*a - 42 + 2 = 0. Let j = a - 8. Suppose j*q = -q + 48. What is the units digit of q?
6
Let x(h) be the third derivative of 1/30*h**5 + 0*h**4 + 1/6*h**3 + 0 - 3*h**2 + 0*h. What is the units digit of x(-2)?
9
Let o = -8 - -14. Let v be ((-14)/(-3))/(o/(-9)). Let y = v - -22. What is the tens digit of y?
1
Let m be -2*3*(-7)/(-7). Let j = m - -8. Suppose 0 = -n - j*n + 24. What is the units digit of n?
8
Let m = -26 - -18. Let k be (28/m)/(1/2). Let b = -3 - k. What is the units digit of b?
4
What is the hundreds digit of (17*1)/(54/(-14) + 4)?
1
Let u = 10 + 22. Suppose -x - u = -83. What is the units digit of x?
1
Let m be (-321)/12 - 1/4. What is the units digit of (72/m)/((-1)/3)?
8
Suppose 0 = 5*s + 25, 3*s + 20 = 2*a - s. Let c be (60/(-70))/((-3)/28). Suppose -2*i + 46 = 4*n, a = -i + 2*n - n + c. What is the tens digit of i?
1
Suppose 0 = -5*k + p - 4*p + 36, 2*k + 3*p - 18 = 0. Let f(t) = -t - 25. Let z(v) = 8. Let y(m) = -2*f(m) - 7*z(m). What is the units digit of y(k)?
6
Suppose -7*s = 3*f - 2*s + 19, f + 5*s = -23. Suppose -x = -f - 0. Suppose -x*c + c + 3 = 0. What is the units digit of c?
3
Let u = 12 - 13. What is the units digit of (u - 1)*(-26 - -4)?
4
Let h(c) = 15*c**2 - 4*c - 3. Let d be h(-2). What is the units digit of d/10 - 2/(-4)?
7
What is the units digit of 6/(-3)*21/(-1)?
2
Let s = 3 + -17. Let h = s + 37. What is the units digit of h?
3
Let b be 32/14 + (-4)/14. Suppose -2*x = -t + 12, -3*t + b*x = -1 - 15. Suppose -u + t*f + 8 = -f, -u - 2*f - 2 = 0. What is the units digit of u?
2
Let z(c) = -9*c - 5. Let m be z(-4). Let v = -8 + m. What is the units digit of v?
3
Let r be (-3)/((-3)/(3/(-1))). Let x = r - -8. What is the units digit of x?
5
Let k(q) = 8*q**2 + 9*q**2 - 11*q**2 - 2 + 3*q. What is the tens digit of k(2)?
2
Let u = 5 + -1. Suppose 4*x = -4*n + 6*n + 26, 5*x - 52 = -u*n. Suppose -4*t + 1 = -y - x, 4*t = -y - 1. What is the units digit of t?
1
Let g(x) be the second derivative of x**3/6 + 5*x**2/2 + x. Let k be g(0). Suppose -k*w + 17 = -3. What is the units digit of w?
4
Suppose -4*o = 13 + 15. What is the tens digit of (-256)/(-14) - (-2)/o?
1
Let l = 27 - -156. What is the tens digit of l?
8
Let i(o) be the third derivative of o**6/120 + o**5/15 - o**4/24 + o**2. Suppose -l - 9 = 2*b, -4*b + l + 11 = 26. What is the units digit of i(b)?
4
Suppose -o + 1222 = 3*o + 3*d, 0 = 3*o + 2*d - 917. What is the tens digit of o?
0
Suppose -4*h + 5 + 3 = 0. Suppose -3*r + 13 = -h*r. What is the tens digit of r?
1
Suppose -5*k = b - 25, 7*k = 3*k - 5*b - 1. What is the units digit of k?
6
Let d(u) = u + 5. Let i be d(-4). Let x = i - -3. What is the units digit of x?
4
Suppose -5*j + 1 = 2*f + 70, -5*f = -2*j - 45. What is the tens digit of (12/j)/(8/(-260))?
2
Let w = -3 + 1. Let t = w + 8. What is the units digit of 7 - t/9*3?
5
Suppose 7*g - 2*g = 1200. What is the tens digit of g?
4
Suppose 3*j = -k + 5*k - 38, 5*j - 2*k = -40. Let v = j - -31. What is the units digit of v?
5
Let u(w) = 0 - 9*w**3 + 4*w**2 + 8*w**3 + 0. Let r be u(3). Suppose -2*o + 15 = -r. What is the tens digit of o?
1
Suppose -2*y - 94 = -18. Let g = 81 + y. What is the tens digit of g?
4
Suppose 0 = 5*v + a - 80 - 49, -87 = -3*v - 3*a. Let c = v + -13. What is the units digit of c?
2
Let l = 161 + -101. What is the units digit of l?
0
Let d = -35 - -59. Let z = d - 11. What is the tens digit of z?
1
Let f(y) = -2*y**3 - 2*y**2 - 4. What is the units digit of f(-3)?
2
Let b(u) = -u**3 + 6*u**2 + 5*u + 3. Suppose -i + 4*i - 18 = 0. What is the units digit of b(i)?
3
Let c = 59 - 55. What is the units digit of c?
4
Let a = 12 - 8. What is the units digit of a?
4
Let f(x) = x**2 - 22. Let q be f(0). W